e prime factors of 30/(-40) - (-2)/(24/4125)?
7
Let d(p) = p**3 + 17*p**2 - 2*p + 6. What are the prime factors of d(-12)?
2, 3, 5
Suppose 5*q - 229 = -74. Let i(s) = -15*s + 59. Let m be i(-2). Let k = m - q. What are the prime factors of k?
2, 29
Let d be 5/(-40) - (-41)/8. What are the prime factors of 566/5 - 1/d?
113
Suppose -5 - 5 = -5*i. List the prime factors of 1/i*(-1606)/(-11).
73
Suppose c = -0 + 4. Let z(k) = -1 + c + 8 - k + 0*k. What are the prime factors of z(6)?
5
Let b(k) be the second derivative of k**5/20 + k**4/3 + k**3/6 - k. Let g be b(-3). Suppose g = 5*d - 4. List the prime factors of d.
2
Suppose 4*y + 5*t - 81 = 0, 0 = -2*y + 4*t - 17 + 77. Suppose 2*i - 84 = 4*b, -4*b = 4*i - 134 + 26. What are the prime factors of (7 + -1)*i/y?
2
Suppose -3*q - 2*q = -40. Suppose y + q = -3*w + 49, -4*w = 4*y - 44. Suppose -v - w = -4*v. List the prime factors of v.
5
Let w(i) = 5*i + 12*i**2 + i**3 + 2 - 2 - 5*i**2. List the prime factors of w(-5).
5
Let w(u) = -u**3 + 23*u**2 + 19*u + 101. List the prime factors of w(18).
2063
Let w = -354 - -247. What are the prime factors of w*(2 + -1)*-1?
107
List the prime factors of (-56)/(-14) + 523 + -4.
523
Let i(c) be the second derivative of c**4/12 + 2*c**3/3 - 3*c**2 + 4*c. Let p be i(6). Suppose 2 = -2*u + p. List the prime factors of u.
2, 13
Let r(x) = x**3 + 6*x**2 - 9*x + 1. Let y be r(-7). Suppose -15*j + y = -20*j. List the prime factors of j + 2 + 3 - -20.
2, 11
List the prime factors of (-47)/(-94) - 7186/(-4).
3, 599
Let k(y) = y**2 + 5*y - 7. Let d be k(-6). Let g be -3 - (d - 2 - -2). Let c = g + 13. List the prime factors of c.
11
Let s(p) = -2*p. Suppose 5 + 0 = 5*r. Let q be s(r). Let u = q + 14. What are the prime factors of u?
2, 3
Suppose 0 = -2*y + 3*y - 5. Suppose -y*z = -14 - 31. Suppose z*h - 159 = 6*h. List the prime factors of h.
53
Suppose 4*h - 6 = -2*q, 10 = -0*q - 2*q. Let c(w) = w**2 + 2*w. Let v be c(-3). Suppose h*k = 123 - v. List the prime factors of k.
2, 3, 5
Suppose 0 = -25*f + 16*f + 13581. What are the prime factors of f?
3, 503
Suppose 3*g - 5*a = 6*g - 1452, -2*g + 984 = -2*a. List the prime factors of g.
3, 163
Let u = 1403 + -20. What are the prime factors of u?
3, 461
Suppose 2*x = 3*x - 10. Suppose -b = 2*u - x, 5*b + 2*u - 24 = 18. Suppose c - 24 = -b. List the prime factors of c.
2
Suppose 0 = -3*a - a + 144. Let t = 14 - 32. Let q = t + a. What are the prime factors of q?
2, 3
Suppose 5*r = 5*x - 6 - 24, 0 = r + 3. Suppose f + 215 = 2*d, x*d - 3*f - 2*f = 305. What are the prime factors of d?
2, 5, 11
Suppose -108 = -5*g - 23. Let y = 270 + g. Suppose 0 = 3*b + 119 - y. List the prime factors of b.
2, 7
Let z(f) = f**3 - 14*f**2 + 15*f + 24. List the prime factors of z(15).
2, 3, 79
Let u(z) = -51*z - 239. List the prime factors of u(-24).
5, 197
Let v(d) = -3*d + 1. Let t be v(-2). Suppose -4*z - 225 = -t*z. List the prime factors of z.
3, 5
Let f = 16 + -10. Suppose -5*x + 3*d = -404, 0 = 5*x - f*d + 2*d - 402. What are the prime factors of x?
2, 41
Let j = 628 + -238. List the prime factors of j.
2, 3, 5, 13
Let t = 253 - 1573. Let p be 3 - t/(12/3). List the prime factors of (-4)/(-6) - p/(-27).
13
Suppose 2*t + t = 5*t. Suppose -4*s - 83 + 263 = t. List the prime factors of s.
3, 5
Suppose q = 2*w + 25, 4*q - 59 = q - 2*w. Suppose q*y - 724 = 2237. What are the prime factors of y?
3, 47
Suppose -798 + 4086 = 8*p. What are the prime factors of p?
3, 137
Let v(s) = -s**2 - 9*s - 6. Let c be v(-8). Suppose -c*y = -5*y - 33. Let t = y + 43. What are the prime factors of t?
2
Let l(i) = i**3 + 4*i**2 - i - 5. Let b be l(-3). Let n = 2 - 2. Suppose n = 5*z - 4*z - b. List the prime factors of z.
7
List the prime factors of -4*(-1)/(-12) + (-10087)/(-3).
2, 41
Suppose -v = -3*v + 32. What are the prime factors of 76/16*(v*3)/3?
2, 19
Suppose -1016*n + 1012*n = -3032. What are the prime factors of n?
2, 379
Let f be 348/48 - 1/4. Suppose -40 = -3*t - f*t. List the prime factors of t.
2
Let g(k) = k**3 + 2*k**2 - 8*k + 13. Let q be g(2). Let s = q + 123. List the prime factors of s.
2, 17
Let g = -30 - -22. What are the prime factors of (66/g)/((-12)/112)?
7, 11
Let s = 985 + 476. List the prime factors of s.
3, 487
Let f(m) = 98*m - 142. What are the prime factors of f(5)?
2, 3, 29
Let f(a) be the third derivative of a**6/120 - a**5/20 + a**4/12 + 10*a**2. Let h be f(3). Let n(d) = 2*d**2 - 7*d - 6. What are the prime factors of n(h)?
2, 3
Let y be (8/10)/(2/10). Suppose y*c - 64 = -3*z + 205, -5*z = -4*c - 427. What are the prime factors of z?
3, 29
Suppose 149*r - 151*r + 2080 = 0. List the prime factors of r.
2, 5, 13
Let a(d) = -d**3 - 7*d**2 + 9*d + 2. Let y be a(-8). Let i(j) = -j**3 - 6*j**2 - 2*j + 4. Let v be i(y). What are the prime factors of 4/(v/38)*2?
19
Suppose -8*d = d - 18. Let j = 82 - d. What are the prime factors of j?
2, 5
Suppose 2*q - 10428 = h + 3*h, -3*q = 4*h - 15592. What are the prime factors of q?
2, 1301
Let g = -23 - -26. Suppose 4*s = -5*h - 66, 10 + 26 = -g*s + 3*h. List the prime factors of (-16)/10*210/s.
2, 3
Let a(d) = -5*d + 7*d - 8 - 7*d + 2*d**2. List the prime factors of a(-5).
67
Suppose 39 = -8*v + 367. Let i = v - 3. List the prime factors of i.
2, 19
Suppose 11 - 27 = p. Let n be 4/(p/(-2124)) - 0. Suppose -8*c - c = -n. What are the prime factors of c?
59
Suppose -4*s = -2*m - 16, 3*s + 2*s = -5*m + 35. Let h(o) = 16*o**m + 5 + 22*o**2 - 27*o**2 + 12*o + o**3. List the prime factors of h(-9).
59
Let p(a) = -a**3 - a**2 + 2*a + 8. Let f be p(7). Let b = -89 - f. List the prime factors of b.
281
Suppose -3 = -d - 3*x + 5, x + 4 = d. Suppose -d*k - 658 = -12*k. Suppose -9*t + 176 = -k. What are the prime factors of t?
2, 3, 5
Suppose 0 = -2*l - 3*t + 1806, l - 4*t = -2*t + 896. List the prime factors of l.
2, 3, 5
Let o be (2 - 41) + -2 + -1. Let d be o/8 + 3/12. Let y = 19 + d. What are the prime factors of y?
2, 7
Let z(g) = g + 1. Let b be z(-1). Suppose -3*t + 4*t + 1 = b. What are the prime factors of (45/(-5))/(t/2)?
2, 3
Let p = 69 - 49. Suppose 4 - p = v. List the prime factors of v/(-8) - (-4 - 2).
2
Let a(t) = 28*t**2 + 7*t - 75. List the prime factors of a(7).
2, 673
Let n = 79 - 63. Suppose 7 + n = t. List the prime factors of t.
23
Let l = 213 + -61. List the prime factors of l.
2, 19
What are the prime factors of (8994/15)/((-28)/(-140))?
2, 1499
Let v(f) = 50*f**2 + 3*f - 2. List the prime factors of v(-4).
2, 3, 131
Suppose 2*j + 81 = 25. Let f = 53 + j. List the prime factors of f.
5
Suppose 0 = -4*i - 3*d + 2081 + 347, 0 = i - 4*d - 588. What are the prime factors of i?
2, 151
Let q = 502 + -800. List the prime factors of q/(-5) - 9/15.
59
Let c(f) be the second derivative of f**4/12 - 2*f**3/3 + 3*f**2 - 5*f. Let r be c(3). List the prime factors of (2 - (r - 10))*3.
3
Let w(b) = 19*b**2 + 6*b - 182. What are the prime factors of w(11)?
37, 59
Let r(j) be the second derivative of j**4/12 + 29*j**2/2 - 5*j. Suppose -2*v = -v. List the prime factors of r(v).
29
List the prime factors of 128/96 + (-2290)/(-6).
383
List the prime factors of (44307/54)/((-3)/(-2)).
547
Suppose 0 = 14*z - 8934 - 3120. List the prime factors of z.
3, 7, 41
Let r(s) = 117*s - 19. Let c be r(5). Suppose -2*a = 4*i - c, -3*i + 805 = 3*a - 8*i. List the prime factors of a.
5, 11
Suppose 0 = 2*c + 8 + 38. Let o = c - -16. Let z(s) = -s**3 - 6*s**2 + 2*s + 10. What are the prime factors of z(o)?
3, 5
Suppose -z = -3, -s + 6*s = 5*z + 340. What are the prime factors of s?
71
Suppose -4*r = -r - 15. Suppose 5*z - 54 - 92 = -2*y, -r*z = -2*y + 166. List the prime factors of y/(-2)*(-26)/39.
2, 13
Let h = 26 + -26. Let a(r) = r**3 - r + 50. List the prime factors of a(h).
2, 5
Let c(i) = 175*i**2 + 1. Let y be c(1). Let l = 97 - y. Let n = 138 + l. List the prime factors of n.
59
What are the prime factors of 18/(-36) + 906/4?
2, 113
What are the prime factors of (-1 - 48)/(3 + 1)*-84?
3, 7
Suppose -319 = 2*f + w - 9706, -9377 = -2*f - 3*w. What are the prime factors of f?
2, 587
Let m(r) = -6*r**2 - 3. Let a(c) be the first derivative of 5*c**3/3 + c**2/2 + 3*c + 3. Let w(v) = 7*a(v) + 6*m(v). List the prime factors of w(7).
3
Let x(c) = c + 2. Let z be x(-2). Suppose -2*g = -4, -3*g + 146 = 4*v - z*g. List 